{"id":15,"date":"2021-11-21T15:14:41","date_gmt":"2021-11-21T15:14:41","guid":{"rendered":"https:\/\/czyszczenie-dpf-trescinski.pl\/?page_id=15"},"modified":"2022-07-07T06:44:21","modified_gmt":"2022-07-07T06:44:21","slug":"technologia","status":"publish","type":"page","link":"https:\/\/czyszczenie-dpf-trescinski.pl\/?page_id=15","title":{"rendered":"Technologia"},"content":{"rendered":"\t\t<div data-elementor-type=\"wp-page\" data-elementor-id=\"15\" class=\"elementor elementor-15\">\n\t\t\t\t\t\t<section class=\"elementor-section elementor-top-section elementor-element elementor-element-83746e8 elementor-section-height-min-height elementor-section-boxed elementor-section-height-default elementor-section-items-middle\" data-id=\"83746e8\" data-element_type=\"section\" data-settings=\"{&quot;background_background&quot;:&quot;classic&quot;}\">\n\t\t\t\t\t\t\t<div class=\"elementor-background-overlay\"><\/div>\n\t\t\t\t\t\t\t<div class=\"elementor-container elementor-column-gap-default\">\n\t\t\t\t\t<div class=\"elementor-column elementor-col-100 elementor-top-column elementor-element elementor-element-09faee3\" data-id=\"09faee3\" data-element_type=\"column\">\n\t\t\t<div class=\"elementor-widget-wrap elementor-element-populated\">\n\t\t\t\t\t\t<div class=\"elementor-element elementor-element-c7152a9 elementor-widget elementor-widget-heading\" data-id=\"c7152a9\" data-element_type=\"widget\" data-widget_type=\"heading.default\">\n\t\t\t\t<div class=\"elementor-widget-container\">\n\t\t\t\t\t<h1 class=\"elementor-heading-title elementor-size-default\">technologia<\/h1>\t\t\t\t<\/div>\n\t\t\t\t<\/div>\n\t\t\t\t\t<\/div>\n\t\t<\/div>\n\t\t\t\t\t<\/div>\n\t\t<\/section>\n\t\t\t\t<section class=\"elementor-section elementor-top-section elementor-element elementor-element-ead07a2 elementor-section-boxed elementor-section-height-default elementor-section-height-default\" data-id=\"ead07a2\" data-element_type=\"section\">\n\t\t\t\t\t\t<div class=\"elementor-container elementor-column-gap-default\">\n\t\t\t\t\t<div class=\"elementor-column elementor-col-50 elementor-top-column elementor-element elementor-element-b639f4a\" data-id=\"b639f4a\" data-element_type=\"column\">\n\t\t\t<div class=\"elementor-widget-wrap elementor-element-populated\">\n\t\t\t\t\t\t<div class=\"elementor-element elementor-element-853575d elementor-widget elementor-widget-heading\" data-id=\"853575d\" data-element_type=\"widget\" data-widget_type=\"heading.default\">\n\t\t\t\t<div class=\"elementor-widget-container\">\n\t\t\t\t\t<h2 class=\"elementor-heading-title elementor-size-default\">Technologia czyszczenia <br>\nfiltr\u00f3w DPF \/ FAP oraz katalizator\u00f3w<\/h2>\t\t\t\t<\/div>\n\t\t\t\t<\/div>\n\t\t\t\t<div class=\"elementor-element elementor-element-0e5a688 elementor-widget elementor-widget-text-editor\" data-id=\"0e5a688\" data-element_type=\"widget\" data-widget_type=\"text-editor.default\">\n\t\t\t\t<div class=\"elementor-widget-container\">\n\t\t\t\t\t\t\t\t\t<p><strong>W sk\u0142ad technologi wchodzi :<\/strong><\/p><p>&#8211; specjalistyczna maszyna czyszcz\u0105ca firmy <a href=\"https:\/\/otomatic.pl\/konfigurator-dpf-premium\/\">Otomatic<\/a>.<br \/>&#8211; \u015brodek czyszcz\u0105cy \u2013 detergent firmy Otomatic ( <a href=\"https:\/\/otomatic.pl\/plyn-do-czyszczenia-dpf\/\">DPF Active Matic<\/a> ).<br \/>&#8211; narz\u0119dzia pomiarowe &#8211; tester przeciwci\u015bnienia, kamera inspekcyjna ( endoskopowa ).<br \/>&#8211; profesjonalne urz\u0105dzenie do suszenia gor\u0105cym powietrzem ( II stopie\u0144 suszenia ).<\/p><p>\u00a0<\/p><p><strong>Zalety metody :<\/strong><\/p><p>&#8211; Dost\u0119pna dla wszystkich marek i modeli samochod\u00f3w osobowych, dostawczych i ci\u0119\u017carowych.<br \/>&#8211; Bezpieczna dla pow\u0142oki katalitycznej filtra.<br \/>&#8211; Wysoka skuteczno\u015b\u0107 &#8211; nawet do 99% odzyskania przepustowo\u015bci kana\u0142\u00f3w filtra.<br \/>&#8211; Brak konieczno\u015bci wycinania wk\u0142adu ceramicznego, spawania.<br \/>&#8211; Szybki czas czyszczenia oko\u0142o 15-20 min.<br \/>&#8211; Mo\u017cliwo\u015b\u0107 sprawdzenia rezultatu czyszczenia.<br \/>&#8211; W przypadku filtr\u00f3w samochodowych, czy\u015bci r\u00f3wnie\u017c katalizator znajduj\u0105cy si\u0119 obok filtra DPF.<\/p>\t\t\t\t\t\t\t\t<\/div>\n\t\t\t\t<\/div>\n\t\t\t\t\t<\/div>\n\t\t<\/div>\n\t\t\t\t<div class=\"elementor-column elementor-col-50 elementor-top-column elementor-element elementor-element-282f792\" data-id=\"282f792\" data-element_type=\"column\">\n\t\t\t<div class=\"elementor-widget-wrap elementor-element-populated\">\n\t\t\t\t\t\t<div class=\"elementor-element elementor-element-5d09acc elementor-widget elementor-widget-image\" data-id=\"5d09acc\" data-element_type=\"widget\" data-widget_type=\"image.default\">\n\t\t\t\t<div class=\"elementor-widget-container\">\n\t\t\t\t\t\t\t\t\t\t\t\t\t\t\t<img fetchpriority=\"high\" decoding=\"async\" width=\"768\" height=\"768\" src=\"https:\/\/czyszczenie-dpf-trescinski.pl\/wp-content\/uploads\/2022\/07\/otomatic-768x768.jpg\" class=\"attachment-medium_large size-medium_large wp-image-1372\" alt=\"\" srcset=\"https:\/\/czyszczenie-dpf-trescinski.pl\/wp-content\/uploads\/2022\/07\/otomatic-768x768.jpg 768w, https:\/\/czyszczenie-dpf-trescinski.pl\/wp-content\/uploads\/2022\/07\/otomatic-300x300.jpg 300w, https:\/\/czyszczenie-dpf-trescinski.pl\/wp-content\/uploads\/2022\/07\/otomatic-150x150.jpg 150w, https:\/\/czyszczenie-dpf-trescinski.pl\/wp-content\/uploads\/2022\/07\/otomatic.jpg 800w\" sizes=\"(max-width: 768px) 100vw, 768px\" \/>\t\t\t\t\t\t\t\t\t\t\t\t\t\t\t<\/div>\n\t\t\t\t<\/div>\n\t\t\t\t\t<\/div>\n\t\t<\/div>\n\t\t\t\t\t<\/div>\n\t\t<\/section>\n\t\t\t\t<section class=\"elementor-section elementor-top-section elementor-element elementor-element-5c17af2 elementor-section-boxed elementor-section-height-default elementor-section-height-default\" data-id=\"5c17af2\" data-element_type=\"section\">\n\t\t\t\t\t\t<div class=\"elementor-container elementor-column-gap-default\">\n\t\t\t\t\t<div class=\"elementor-column elementor-col-100 elementor-top-column elementor-element elementor-element-52eb43c\" data-id=\"52eb43c\" data-element_type=\"column\">\n\t\t\t<div class=\"elementor-widget-wrap elementor-element-populated\">\n\t\t\t\t\t\t<div class=\"elementor-element elementor-element-ad7c355 elementor-widget elementor-widget-text-editor\" data-id=\"ad7c355\" data-element_type=\"widget\" data-widget_type=\"text-editor.default\">\n\t\t\t\t<div class=\"elementor-widget-container\">\n\t\t\t\t\t\t\t\t\t<p><strong>Proces czyszczenia :<\/strong><\/p><p>1. Przeprowadzenie ogl\u0119dzin wk\u0142adu ceramicznego rdzenia filtra kamer\u0105 inspekcyjn\u0105.<br \/>Wk\u0142ad filtra, kt\u00f3ry kwalifikuje si\u0119 do czyszczenia nie mo\u017ce by\u0107 pop\u0119kany, przetopiony, zaklejony.<\/p><p>2. Zapi\u0119cie filtra w maszynie.<\/p><p>3. Test przeciwci\u015bnienia, pokazuj\u0105cy stopie\u0144 zapchania filtra przed czyszczeniem.<\/p><p>4. Aplikacja \u015brodka czyszcz\u0105cego do wewn\u0119trznej cz\u0119\u015bci obudowy filtra &#8211; DPF Active Matic.<\/p><p>5. Uruchomienie procesu czyszczenia. Temperatura wody 60 \u2103.<\/p><p>6. Analiza brudnej wody wydobywaj\u0105cej si\u0119 z filtra ( kolor, ilo\u015b\u0107 oleju ).<\/p><p>7. Zako\u0144czenie czyszczenia ( 10 &#8211; 20 min ).<\/p><p>8. Suszenie ( 30 min ).<\/p><p>9. Test przeciwci\u015bnienia, pokazuj\u0105cy stopie\u0144 zapchania filtra po czyszczeniu.<br \/>W przypadku braku pe\u0142nej przepustowo\u015bci, powr\u00f3t do pkt 5.<\/p><p>12. Wykonanie zdj\u0119\u0107 wk\u0142adu filtra kamer\u0105 inspekcyjn\u0105.<\/p><p>13. Sporz\u0105dzenie raportu.\u00a0<\/p><p>\u00a0<\/p>\t\t\t\t\t\t\t\t<\/div>\n\t\t\t\t<\/div>\n\t\t\t\t\t<\/div>\n\t\t<\/div>\n\t\t\t\t\t<\/div>\n\t\t<\/section>\n\t\t\t\t<section class=\"elementor-section elementor-top-section elementor-element elementor-element-9d1c9a5 elementor-section-boxed elementor-section-height-default elementor-section-height-default\" data-id=\"9d1c9a5\" data-element_type=\"section\">\n\t\t\t\t\t\t<div class=\"elementor-container elementor-column-gap-default\">\n\t\t\t\t\t<div class=\"elementor-column elementor-col-100 elementor-top-column elementor-element elementor-element-b9ee40b\" data-id=\"b9ee40b\" data-element_type=\"column\">\n\t\t\t<div class=\"elementor-widget-wrap elementor-element-populated\">\n\t\t\t\t\t\t<div class=\"elementor-element elementor-element-e64c102 elementor-widget elementor-widget-image\" data-id=\"e64c102\" data-element_type=\"widget\" data-widget_type=\"image.default\">\n\t\t\t\t<div class=\"elementor-widget-container\">\n\t\t\t\t\t\t\t\t\t\t\t\t\t\t\t<img decoding=\"async\" width=\"1024\" height=\"222\" src=\"https:\/\/czyszczenie-dpf-trescinski.pl\/wp-content\/uploads\/2022\/07\/pojazdy-1024x222.png\" class=\"attachment-large size-large wp-image-1352\" alt=\"\" srcset=\"https:\/\/czyszczenie-dpf-trescinski.pl\/wp-content\/uploads\/2022\/07\/pojazdy-1024x222.png 1024w, https:\/\/czyszczenie-dpf-trescinski.pl\/wp-content\/uploads\/2022\/07\/pojazdy-300x65.png 300w, https:\/\/czyszczenie-dpf-trescinski.pl\/wp-content\/uploads\/2022\/07\/pojazdy-768x167.png 768w, https:\/\/czyszczenie-dpf-trescinski.pl\/wp-content\/uploads\/2022\/07\/pojazdy-1536x333.png 1536w, https:\/\/czyszczenie-dpf-trescinski.pl\/wp-content\/uploads\/2022\/07\/pojazdy-2048x444.png 2048w\" sizes=\"(max-width: 1024px) 100vw, 1024px\" \/>\t\t\t\t\t\t\t\t\t\t\t\t\t\t\t<\/div>\n\t\t\t\t<\/div>\n\t\t\t\t\t<\/div>\n\t\t<\/div>\n\t\t\t\t\t<\/div>\n\t\t<\/section>\n\t\t\t\t<\/div>\n\t\t","protected":false},"excerpt":{"rendered":"<p>technologia Technologia czyszczenia filtr\u00f3w DPF \/ FAP oraz katalizator\u00f3w W sk\u0142ad technologi wchodzi : &#8211; specjalistyczna maszyna czyszcz\u0105ca firmy Otomatic.&#8211; \u015brodek czyszcz\u0105cy \u2013 detergent firmy Otomatic ( DPF Active Matic ).&#8211; narz\u0119dzia pomiarowe &#8211; tester przeciwci\u015bnienia, kamera inspekcyjna ( endoskopowa ).&#8211; profesjonalne urz\u0105dzenie do suszenia gor\u0105cym powietrzem ( II stopie\u0144 suszenia ). \u00a0 Zalety metody [&hellip;]<\/p>\n","protected":false},"author":1,"featured_media":0,"parent":0,"menu_order":0,"comment_status":"closed","ping_status":"closed","template":"","meta":{"site-sidebar-layout":"no-sidebar","site-content-layout":"page-builder","ast-site-content-layout":"default","site-content-style":"default","site-sidebar-style":"default","ast-global-header-display":"","ast-banner-title-visibility":"","ast-main-header-display":"","ast-hfb-above-header-display":"","ast-hfb-below-header-display":"","ast-hfb-mobile-header-display":"","site-post-title":"disabled","ast-breadcrumbs-content":"","ast-featured-img":"disabled","footer-sml-layout":"","theme-transparent-header-meta":"enabled","adv-header-id-meta":"","stick-header-meta":"","header-above-stick-meta":"","header-main-stick-meta":"","header-below-stick-meta":"","astra-migrate-meta-layouts":"default","ast-page-background-enabled":"default","ast-page-background-meta":{"desktop":{"background-color":"var(--ast-global-color-4)","background-image":"","background-repeat":"repeat","background-position":"center center","background-size":"auto","background-attachment":"scroll","background-type":"","background-media":"","overlay-type":"","overlay-color":"","overlay-opacity":"","overlay-gradient":""},"tablet":{"background-color":"","background-image":"","background-repeat":"repeat","background-position":"center center","background-size":"auto","background-attachment":"scroll","background-type":"","background-media":"","overlay-type":"","overlay-color":"","overlay-opacity":"","overlay-gradient":""},"mobile":{"background-color":"","background-image":"","background-repeat":"repeat","background-position":"center center","background-size":"auto","background-attachment":"scroll","background-type":"","background-media":"","overlay-type":"","overlay-color":"","overlay-opacity":"","overlay-gradient":""}},"ast-content-background-meta":{"desktop":{"background-color":"var(--ast-global-color-5)","background-image":"","background-repeat":"repeat","background-position":"center center","background-size":"auto","background-attachment":"scroll","background-type":"","background-media":"","overlay-type":"","overlay-color":"","overlay-opacity":"","overlay-gradient":""},"tablet":{"background-color":"var(--ast-global-color-5)","background-image":"","background-repeat":"repeat","background-position":"center center","background-size":"auto","background-attachment":"scroll","background-type":"","background-media":"","overlay-type":"","overlay-color":"","overlay-opacity":"","overlay-gradient":""},"mobile":{"background-color":"var(--ast-global-color-5)","background-image":"","background-repeat":"repeat","background-position":"center center","background-size":"auto","background-attachment":"scroll","background-type":"","background-media":"","overlay-type":"","overlay-color":"","overlay-opacity":"","overlay-gradient":""}},"footnotes":""},"class_list":["post-15","page","type-page","status-publish","hentry"],"_links":{"self":[{"href":"https:\/\/czyszczenie-dpf-trescinski.pl\/index.php?rest_route=\/wp\/v2\/pages\/15","targetHints":{"allow":["GET"]}}],"collection":[{"href":"https:\/\/czyszczenie-dpf-trescinski.pl\/index.php?rest_route=\/wp\/v2\/pages"}],"about":[{"href":"https:\/\/czyszczenie-dpf-trescinski.pl\/index.php?rest_route=\/wp\/v2\/types\/page"}],"author":[{"embeddable":true,"href":"https:\/\/czyszczenie-dpf-trescinski.pl\/index.php?rest_route=\/wp\/v2\/users\/1"}],"replies":[{"embeddable":true,"href":"https:\/\/czyszczenie-dpf-trescinski.pl\/index.php?rest_route=%2Fwp%2Fv2%2Fcomments&post=15"}],"version-history":[{"count":23,"href":"https:\/\/czyszczenie-dpf-trescinski.pl\/index.php?rest_route=\/wp\/v2\/pages\/15\/revisions"}],"predecessor-version":[{"id":1392,"href":"https:\/\/czyszczenie-dpf-trescinski.pl\/index.php?rest_route=\/wp\/v2\/pages\/15\/revisions\/1392"}],"wp:attachment":[{"href":"https:\/\/czyszczenie-dpf-trescinski.pl\/index.php?rest_route=%2Fwp%2Fv2%2Fmedia&parent=15"}],"curies":[{"name":"wp","href":"https:\/\/api.w.org\/{rel}","templated":true}]}}